d by 14?
1
Calculate the remainder when 6178 is divided by 167.
166
What is the remainder when 21760 is divided by 54?
52
Calculate the remainder when 2044 is divided by 22.
20
Calculate the remainder when 709 is divided by 314.
81
What is the remainder when 62 is divided by 6?
2
Calculate the remainder when 1410 is divided by 468.
6
What is the remainder when 28 is divided by 11?
6
Calculate the remainder when 203 is divided by 75.
53
What is the remainder when 71 is divided by 33?
5
What is the remainder when 179 is divided by 63?
53
What is the remainder when 73 is divided by 26?
21
What is the remainder when 638 is divided by 71?
70
What is the remainder when 609 is divided by 22?
15
Calculate the remainder when 586 is divided by 280.
26
What is the remainder when 121 is divided by 109?
12
What is the remainder when 384 is divided by 124?
12
What is the remainder when 113 is divided by 31?
20
Calculate the remainder when 1216 is divided by 173.
5
What is the remainder when 321 is divided by 46?
45
What is the remainder when 137 is divided by 35?
32
Calculate the remainder when 1024 is divided by 13.
10
What is the remainder when 1046 is divided by 88?
78
Calculate the remainder when 3839 is divided by 49.
17
What is the remainder when 42 is divided by 16?
10
Calculate the remainder when 112 is divided by 62.
50
What is the remainder when 412 is divided by 197?
18
What is the remainder when 1801 is divided by 82?
79
Calculate the remainder when 1185 is divided by 11.
8
What is the remainder when 387 is divided by 347?
40
What is the remainder when 11394 is divided by 154?
152
Calculate the remainder when 54 is divided by 11.
10
Calculate the remainder when 114 is divided by 90.
24
Calculate the remainder when 159 is divided by 32.
31
Calculate the remainder when 5444 is divided by 288.
260
Calculate the remainder when 72 is divided by 17.
4
What is the remainder when 72 is divided by 14?
2
What is the remainder when 27 is divided by 5?
2
What is the remainder when 161 is divided by 15?
11
What is the remainder when 2344 is divided by 259?
13
Calculate the remainder when 114 is divided by 68.
46
Calculate the remainder when 1731 is divided by 11.
4
Calculate the remainder when 17895 is divided by 114.
111
What is the remainder when 216 is divided by 210?
6
Calculate the remainder when 327 is divided by 47.
45
What is the remainder when 380 is divided by 14?
2
What is the remainder when 367 is divided by 11?
4
What is the remainder when 104 is divided by 18?
14
Calculate the remainder when 5689 is divided by 5.
4
What is the remainder when 1324 is divided by 197?
142
What is the remainder when 6437 is divided by 140?
137
Calculate the remainder when 50664 is divided by 98.
96
Calculate the remainder when 675 is divided by 52.
51
What is the remainder when 4787 is divided by 21?
20
Calculate the remainder when 943 is divided by 72.
7
Calculate the remainder when 1866 is divided by 20.
6
Calculate the remainder when 175 is divided by 63.
49
What is the remainder when 2636 is divided by 20?
16
Calculate the remainder when 1039 is divided by 4.
3
Calculate the remainder when 380 is divided by 150.
80
Calculate the remainder when 47 is divided by 11.
3
What is the remainder when 2098 is divided by 84?
82
What is the remainder when 298 is divided by 75?
73
What is the remainder when 77 is divided by 19?
1
What is the remainder when 149 is divided by 10?
9
Calculate the remainder when 228 is divided by 108.
12
What is the remainder when 1084 is divided by 520?
44
Calculate the remainder when 262 is divided by 68.
58
What is the remainder when 878 is divided by 430?
18
What is the remainder when 999 is divided by 77?
75
Calculate the remainder when 115 is divided by 29.
28
What is the remainder when 431 is divided by 174?
83
Calculate the remainder when 122 is divided by 64.
58
Calculate the remainder when 1720 is divided by 42.
40
Calculate the remainder when 88 is divided by 48.
40
What is the remainder when 677 is divided by 35?
12
What is the remainder when 242 is divided by 19?
14
What is the remainder when 3 is divided by 3?
0
Calculate the remainder when 224 is divided by 208.
16
Calculate the remainder when 204 is divided by 129.
75
What is the remainder when 957 is divided by 475?
7
What is the remainder when 57 is divided by 10?
7
Calculate the remainder when 582 is divided by 59.
51
Calculate the remainder when 2755 is divided by 12.
7
Calculate the remainder when 7893 is divided by 8.
5
Calculate the remainder when 1035 is divided by 1027.
8
Calculate the remainder when 10 is divided by 7.
3
Calculate the remainder when 170 is divided by 11.
5
What is the remainder when 204 is divided by 48?
12
Calculate the remainder when 91 is divided by 38.
15
What is the remainder when 194 is divided by 89?
16
Calculate the remainder when 4704 is divided by 214.
210
What is the remainder when 927 is divided by 122?
73
What is the remainder when 1935 is divided by 10?
5
Calculate the remainder when 276 is divided by 95.
86
Calculate the remainder when 592 is divided by 290.
12
Calculate the remainder when 259 is divided by 76.
31
What is the remainder when 80 is divided by 47?
33
Calculate the remainder when 11927 is divided by 84.
83
Calculate the remainder when 210 is divided by 53.
51
What is the remainder when 245 is divided by 35?
0
What is the remainder when 7377 is divided by 15?
12
Calculate the remainder when 721 is divided by 66.
61
What is the remainder when 412 is divided by 28?
20
What is the remainder when 247 is divided by 31?
30
What is the remainder when 3862 is divided by 185?
162
Calculate the remainder when 3531 is divided by 40.
11
What is the remainder when 10168 is divided by 53?
45
What is the remainder when 474 is divided by 32?
26
Calculate the remainder when 453 is divided by 24.
21
What is the remainder when 34 is divided by 9?
7
What is the remainder when 1099 is divided by 256?
75
What is the remainder when 7515 is divided by 18?
9
Calculate the remainder when 634 is divided by 20.
14
Calculate the remainder when 1551 is divided by 8.
7
What is the remainder when 618 is divided by 20?
18
Calculate the remainder when 307 is divided by 24.
19
What is the remainder when 53 is divided by 7?
4
Calculate the remainder when 807 is divided by 78.
27
What is the remainder when 35 is divided by 5?
0
What is the remainder when 29 is divided by 5?
4
Calculate the remainder when 101 is divided by 9.
2
Calculate the remainder when 403 is divided by 17.
12
Calculate the remainder when 947 is divided by 19.
16
What is the remainder when 395 is divided by 94?
19
Calculate the remainder when 428 is divided by 11.
10
Calculate the remainder when 146 is divided by 30.
26
Calculate the remainder when 239 is divided by 61.
56
Calculate the remainder when 2711 is divided by 181.
177
Calculate the remainder when 237 is divided by 40.
37
What is the remainder when 310 is divided by 39?
37
What is the remainder when 94 is divided by 27?
13
What is the remainder when 183 is divided by 58?
9
What is the remainder when 763 is divided by 27?
7
What is the remainder when 160 is divided by 9?
7
What is the remainder when 5613 is divided by 108?
105
What is the remainder when 786 is divided by 186?
42
Calculate the remainder when 1484 is divided by 17.
5
What is the remainder when 304 is divided by 18?
16
Calculate the remainder when 3184 is divided by 54.
52
Calculate the remainder when 8772 is divided by 25.
22
What is the remainder when 671 is divided by 130?
21
Calculate the remainder when 268 is divided by 9.
7
Calculate the remainder when 499 is divided by 73.
61
What is the remainder when 43 is divided by 6?
1
Calculate the remainder when 1915 is divided by 9.
7
What is the remainder when 4434 is divided by 5?
4
Calculate the remainder when 15402 is divided by 71.
66
Calculate the remainder when 112 is divided by 29.
25
Calculate the remainder when 603 is divided by 122.
115
What is the remainder when 220 is divided by 47?
32
Calculate the remainder when 71 is divided by 51.
20
Calculate the remainder when 56 is divided by 21.
14
Calculate the remainder when 798 is divided by 54.
42
Calculate the remainder when 874 is divided by 38.
0
What is 